. What is the highest common divisor of x and 44?
22
Let s be ((-6)/(-4))/(12/160). Suppose 4*w = -22 - 30. Let d = s + w. Calculate the highest common factor of d and 35.
7
Let k(z) = 15*z**2 - 2*z + 1. Suppose -2*t - 3 - 1 = 0, -3*n = -t + 4. Let m be k(n). What is the highest common divisor of 13 and m?
13
Suppose o + 0*x - 17 = x, -3*x + 54 = 4*o. What is the highest common divisor of 30 and o?
15
Let f(n) = -n**3 - 5*n**2 + 3*n + 3. Let g be f(-6). Let h = -11 - -18. What is the greatest common factor of g and h?
7
Let n = 13 - 8. What is the highest common divisor of 65 and n?
5
Let l = 37 - -107. Suppose -u + l = -0*u. What is the highest common divisor of 16 and u?
16
Let i = 5 - 11. Let r(j) = -2*j - 10. Let y be r(i). Suppose y*t + 72 = 5*t. What is the greatest common factor of 8 and t?
8
Suppose l - 57 - 43 = 0. Suppose l = -3*g + 8*g. Calculate the highest common divisor of 2 and g.
2
Suppose 2*x - 37 + 3 = 0. Calculate the greatest common factor of x and 51.
17
Let v = -79 - -205. Calculate the greatest common divisor of v and 18.
18
Let d = 0 + -1. Let q be (d/(-1))/((-2)/(-8)). Calculate the greatest common factor of 20 and q.
4
Let z(f) = -f**3 + 3*f**2 + 5*f. Let m be z(-2). Calculate the greatest common factor of 90 and m.
10
Let d be 1/(-5) + 438/15. Calculate the highest common divisor of d and 174.
29
Let t = 6 - 15. Let a = -4 - t. Let v be (-10)/(1/3 - 1). What is the highest common divisor of a and v?
5
Let s = 115 + 138. What is the greatest common factor of 23 and s?
23
Let j(r) = r**3 + r**2 + r + 12. Let y be j(0). Let t(o) = -17*o - 4. Let c be t(-2). Calculate the greatest common factor of c and y.
6
Let i = 116 + -102. Let f be (-2)/(-8) + 668/16. What is the highest common divisor of i and f?
14
Suppose 80 = 4*s + 2*c, 2*s + s = -3*c + 63. Calculate the greatest common divisor of 133 and s.
19
Suppose -11 = -t + 16. Calculate the highest common factor of 81 and t.
27
Let g(f) = -f**2 - 6*f - 3. Let i be g(-6). Let d be (i/4)/((-2)/8). Calculate the greatest common divisor of d and 21.
3
Let g be (33 - -2)*(-4)/(-10). Suppose j - g = -i + 4, 4*j - 3*i - 72 = 0. What is the greatest common factor of j and 45?
9
Let y(h) = 5*h + h**2 - 2*h + 3*h**2 - 3 - 5*h**2 + h**3. Let s be y(2). Calculate the highest common factor of s and 14.
7
Suppose -3*z + 18 + 15 = 5*w, -4*w - z = -32. What is the greatest common factor of w and 81?
9
Suppose 69 = 5*q + 14. Suppose 10 + 48 = 5*t + a, -4*a - 32 = -4*t. What is the greatest common divisor of t and q?
11
Let u(a) = 27*a**3 - 2*a**2 + 1. Let w be u(2). Let q = 51 - 32. Calculate the greatest common divisor of q and w.
19
Let d = 55 - 4. Calculate the greatest common divisor of 17 and d.
17
Suppose -m + 18 = -18. Suppose -5*z = -2*z - m. Let g be (4 - -1)*z/20. Calculate the greatest common divisor of 27 and g.
3
Suppose 5*i - 3 = -o, o - 2*i = -3*o + 12. Let n be (-32 - (-8 - -3))/(-1). What is the greatest common factor of n and o?
3
Suppose -83 + 27 = 4*x. Let y be (x + 2)*17/(-3). Let v = -14 + 31. Calculate the greatest common factor of y and v.
17
Suppose m + 14 = 2*m. What is the highest common divisor of m and 98?
14
Let h(m) = m**2 - 3*m + 5. Let u be h(6). Let s = u + -12. Calculate the highest common divisor of s and 11.
11
Suppose 4*n = 5*n + 4*c - 11, 5*n - 23 = -4*c. What is the greatest common divisor of 48 and n?
3
Let h = 23 + -8. Suppose -5*f + 6*f = 0. Suppose 0*t - 3*t + 9 = f. What is the greatest common factor of h and t?
3
Let p(o) = -o**3 - o**2 + o + 3. Let g be p(0). Suppose -4*x = -3*u - 22, u + 20 = 3*x - g*u. Calculate the greatest common factor of x and 16.
4
Let v(l) be the second derivative of l**3/2 - l**2 + 2*l. Let q be v(2). Let g be (-3)/(-2)*q*3. What is the highest common divisor of g and 9?
9
Let v = -20 - -38. Calculate the highest common factor of 162 and v.
18
Let z = -56 - -29. Let d = z + 60. Suppose 3*y - 12 = -5*b, -13 - 3 = -4*b + 4*y. Calculate the greatest common factor of b and d.
3
Let f(x) = 26*x - 3. Let q be f(4). Let v = -53 + q. What is the greatest common factor of v and 16?
16
Let h be (1/(-3))/(4/(-108)). What is the greatest common factor of 45 and h?
9
Let b be 2*-3*1/(-3). Suppose 0 = b*m + 10. Let u be (2/(-4))/(m/450). What is the greatest common divisor of 5 and u?
5
Suppose -12*p = -5*p - 336. What is the highest common factor of 12 and p?
12
Let c = -2 + 4. Suppose -4*j + c*w = -98, -w + 3*w + 26 = j. Calculate the highest common factor of 120 and j.
24
Let o = 1 - -1. Suppose 2*q - 5*q = -18. Let w = o + q. What is the greatest common divisor of 1 and w?
1
Let v = 43 - -3. What is the highest common divisor of 23 and v?
23
Suppose 7*m + 567 = 5*r + 3*m, m = 2. What is the greatest common divisor of r and 23?
23
Let a be 34 + (-1 - (-4)/1). Suppose 5*l - 43 = a. Calculate the greatest common factor of 40 and l.
8
Let c(w) = -w + 9. Let g be c(4). Let i(v) = v**2 - 5*v + 5. Let s be i(g). Suppose -209 = -s*n - 44. What is the highest common divisor of 3 and n?
3
Let w = 135 - 47. Let b(f) = 3*f + 32. Let u be b(-10). Suppose -5*t = 3*i - 148, u*i = -4*t + t + w. Calculate the greatest common divisor of 4 and t.
4
Let u(d) = -2*d**3 - 18*d**2 + 23*d + 3. Let w be u(-11). Calculate the greatest common factor of w and 18.
18
Let q = 15 - 11. Let r be -1 + (q + 1 - 1). Let o = 29 - 23. Calculate the highest common factor of o and r.
3
Let o = 0 + 8. Let j = 107 + -67. What is the highest common divisor of j and o?
8
Let u be (-3)/(-6)*-49*-2. Suppose 0 = -5*t + 3*y - 6*y + u, -4*y - 30 = -2*t. What is the highest common factor of 1 and t?
1
Suppose a + 2*z - 7 = 3, -3*a = -5*z + 3. Let v be (1/2)/(a/920). Suppose 0*t + y + 563 = 5*t, -t + y = -v. Calculate the highest common factor of 16 and t.
16
Let c = -4 + 1. Let t = -3 - c. Suppose t = 3*z - 4 - 50. What is the highest common divisor of z and 9?
9
Let c = 147 + -62. Suppose 2*l = 6*l - 136. Calculate the greatest common divisor of c and l.
17
Let q be 57*(3 - 1 - 1). Suppose r = -3*b - r + 35, 4*r = -5*b + q. What is the highest common divisor of b and 26?
13
Let d(n) = n**3 + 8*n**2 + 4*n + 13. Let z be d(-7). Calculate the highest common factor of 85 and z.
17
Let i be -3*17*-3 - (3 + -4). Calculate the greatest common factor of i and 14.
14
Let k be 3/4 - (-621)/(-12). Let q = k + 75. Suppose 2*y - 180 = -y. Calculate the highest common divisor of y and q.
12
Let i = 171 - 91. Calculate the highest common divisor of 16 and i.
16
Let p(v) = 3*v + 10. Suppose 2*w + 2 = -4, 3*j - 3*w = 39. Let b be p(j). Calculate the highest common factor of 20 and b.
20
Let n = 45 - -15. Suppose n = -2*y + 8*y. Calculate the highest common divisor of y and 110.
10
Let h = -16 + 19. Let d be -33*h/(-1 + -2). Let s(r) = 3*r**2 - r + 1. Let y be s(2). Calculate the highest common divisor of y and d.
11
Let c = 14 - 11. Let z be (-26)/(-4) + c/(-6). Calculate the greatest common factor of z and 48.
6
Let k(a) = 104*a + 2. Let v be k(2). Let g = -134 + v. Suppose -y + 4 = -g. What is the highest common divisor of y and 16?
16
Let g = 6 + -4. Let q be g/5 - 58/(-5). Suppose -4*x = -76 - 356. Calculate the greatest common divisor of x and q.
12
Let j = 66 + -60. Calculate the highest common factor of 21 and j.
3
Let l be (-10)/(-5) - (-1 - -1). Let q be l/(-8) - (-266)/8. Let k be (1 - 0)/(3/33). What is the highest common divisor of q and k?
11
Suppose -2*p - 2*s = -4, -4*p + 4 = -2*p - 3*s. Calculate the greatest common divisor of 1 and p.
1
Let y(q) = -q**3 - 10*q**2 + q - 11. Let a be y(-11). Calculate the highest common factor of 9 and a.
9
Let l = 5 - -4. Calculate the greatest common divisor of l and 63.
9
Suppose -7*t + 2*t = -100. What is the highest common factor of t and 50?
10
Suppose 33 = -2*f + 1. Let n = 31 + f. Calculate the greatest common factor of 135 and n.
15
Let h(q) = -q**2 - q + 8. Let j be h(-6). Let r = -5 - j. Calculate the highest common factor of r and 187.
17
Let l = 1 - -1. Let f be l/6 - (-12)/(-9). Let v be 2/3*(f + 13). What is the greatest common divisor of v and 56?
8
Suppose 5*d = 3*n + 135, d + 0*n + n - 27 = 0. Let v = -43 - -20. Let m = 32 + v. Calculate the highest common factor of d and m.
9
Suppose -2*m = -7*m + 65. What is the great